{"id":156,"date":"2022-12-21T13:06:58","date_gmt":"2022-12-21T13:06:58","guid":{"rendered":"http:\/\/nuovositocpp.ch\/?page_id=156"},"modified":"2026-03-10T11:19:34","modified_gmt":"2026-03-10T11:19:34","slug":"esperto-in-finanza-e-controlling","status":"publish","type":"page","link":"https:\/\/cppbellinzona.ch\/?page_id=156","title":{"rendered":"Esperto in finanza e controlling"},"content":{"rendered":"<p>[et_pb_section fb_built=&#8221;1&#8243; _builder_version=&#8221;4.18.0&#8243; _module_preset=&#8221;default&#8221; background_color=&#8221;#d0c7b3&#8243; height=&#8221;360px&#8221; custom_padding=&#8221;0px|||0px|false|false&#8221; locked=&#8221;off&#8221; global_colors_info=&#8221;{}&#8221;][et_pb_row _builder_version=&#8221;4.18.0&#8243; _module_preset=&#8221;default&#8221; width=&#8221;100%&#8221; max_width=&#8221;2008px&#8221; module_alignment=&#8221;center&#8221; height=&#8221;616px&#8221; custom_margin=&#8221;0px|||0px|false|false&#8221; custom_padding=&#8221;0px|||0px|false|false&#8221; global_colors_info=&#8221;{}&#8221;][et_pb_column type=&#8221;4_4&#8243; _builder_version=&#8221;4.18.0&#8243; _module_preset=&#8221;default&#8221; global_colors_info=&#8221;{}&#8221;][et_pb_slider _builder_version=&#8221;4.20.4&#8243; _module_preset=&#8221;default&#8221; height=&#8221;360px&#8221; locked=&#8221;off&#8221; global_colors_info=&#8221;{}&#8221;][et_pb_slide heading=&#8221;Iscrizioni aperte&#8221; _builder_version=&#8221;4.20.4&#8243; _module_preset=&#8221;default&#8221; header_level=&#8221;h1&#8243; header_font=&#8221;|700|||||||&#8221; header_text_color=&#8221;#FFFFFF&#8221; background_image=&#8221;http:\/\/cppbellinzona.ch\/wp-content\/uploads\/2023\/03\/specialista.jpg&#8221; background_enable_image=&#8221;on&#8221; custom_padding=&#8221;0px|0px|0px|0px|false|false&#8221; locked=&#8221;off&#8221; global_colors_info=&#8221;{}&#8221; sticky_transition=&#8221;on&#8221;][\/et_pb_slide][et_pb_slide _builder_version=&#8221;4.20.4&#8243; _module_preset=&#8221;default&#8221; background_image=&#8221;http:\/\/cppbellinzona.ch\/wp-content\/uploads\/2022\/12\/home_cpp_1.jpg&#8221; background_enable_image=&#8221;on&#8221; locked=&#8221;off&#8221; global_colors_info=&#8221;{}&#8221; sticky_transition=&#8221;on&#8221;][\/et_pb_slide][\/et_pb_slider][\/et_pb_column][\/et_pb_row][\/et_pb_section][et_pb_section fb_built=&#8221;1&#8243; _builder_version=&#8221;4.20.4&#8243; custom_margin=&#8221;0px|||0px|false|false&#8221; custom_padding=&#8221;0px|||0px|false|false&#8221; global_colors_info=&#8221;{}&#8221;][et_pb_row column_structure=&#8221;2_3,1_3&#8243; _builder_version=&#8221;4.16&#8243; background_size=&#8221;initial&#8221; background_position=&#8221;top_left&#8221; background_repeat=&#8221;repeat&#8221; global_colors_info=&#8221;{}&#8221;][et_pb_column type=&#8221;2_3&#8243; _builder_version=&#8221;4.16&#8243; custom_padding=&#8221;|||&#8221; global_colors_info=&#8221;{}&#8221; custom_padding__hover=&#8221;|||&#8221;][et_pb_text _builder_version=&#8221;4.27.3&#8243; background_size=&#8221;initial&#8221; background_position=&#8221;top_left&#8221; background_repeat=&#8221;repeat&#8221; global_colors_info=&#8221;{}&#8221;]<\/p>\n<h4><strong>Corso di preparazione all\u2019esame federale di Esperto(a) diplomato(a) in finanza e controlling<\/strong><strong>\u00a0<\/strong><\/h4>\n<p><strong>Obiettivo<br \/><\/strong>L\u2019obiettivo principale del corso consiste nel preparare adeguatamente i candidati, secondo le relative direttive, in modo tale che possano affrontare al meglio l\u2019esame federale. L\u2019obiettivo subordinato \u00e8 quello di offrire ai candidati (che non intendono presentarsi all\u2019esame federale) una qualificata possibilit\u00e0 di post-formazione, di formazione continua e di aggiornamento.<\/p>\n<p><strong>Ammissione<br \/><\/strong>Di regola i requisiti per l&#8217;ammissione al corso di preparazione sono gli stessi richiesti per l&#8217;iscrizione all&#8217;esame federale. Possono essere fatte eccezioni per i candidati che maturano l\u2019esperienza professionale durante il percorso formativo oppure per coloro che intendono seguire il corso, ma non intendono iscriversi all&#8217;esame finale.<\/p>\n<p><u>All&#8217;esame sono ammessi i candidati che <\/u><\/p>\n<ul>\n<li>sono in possesso di un attestato professionale federale di Specialista in finanza e contabilit\u00e0 e dispongono inoltre di una pratica professionale specifica di almeno due anni;<\/li>\n<\/ul>\n<p>oppure<\/p>\n<ul>\n<li>sono in possesso di un attestato professionale federale di un altro esame professionale, di un diploma di un esame professionale, di un diploma di una scuola universitaria o di una scuola universitaria professionale (Bachelor o Master) e dispongono di una pratica professionale specifica di almeno tre anni.<\/li>\n<\/ul>\n<p>La pratica professionale specifica viene calcolata su un grado d\u2019occupazione dell\u201980%, per un\u2019occupazione a tempo parziale inferiore all\u201980%, viene calcolata pro-rata. Come pratica professionale specifica \u00e8 considerata valida, ai sensi del regolamento d\u2019esame*, un\u2019attivit\u00e0 qualificata nell\u2019ambito della contabilit\u00e0 e il controlling.<\/p>\n<p>Il termine per il computo della pratica professionale specifica \u00e8 la data d\u2019inizio dell\u2019esame. La pratica professionale deve essere certificata al momento in cui ci si iscrive all\u2019esame federale (questionario relativo alla pratica professionale), contro-firmato dal datore di lavoro;<\/p>\n<ul>\n<li>non presentano alcuna iscrizione nel casellario giudiziale centrale in relazione con l\u2019attivit\u00e0 professionale;<\/li>\n<\/ul>\n<p>e<\/p>\n<ul>\n<li>hanno partecipato al workshop Direzione della durata di 3 giorni (organizzato dall\u2019organo responsabile).<\/li>\n<\/ul>\n<p>Qualora sussistano dubbi, circa l\u2019adempimento delle condizioni d\u2019esame, \u00e8 possibile richiedere una conferma d\u2019ammissione preventiva scaricando l\u2019apposito formulario tramite il sito <span><a href=\"http:\/\/www.examen.ch\">www.examen.ch<\/a><\/span>.<\/p>\n<p><strong>Durata<br \/><\/strong>La durata complessiva del corso \u00e8 di 5 semestri. I primi quattro si svolgono secondo il calendario scolastico ufficiale del Canton Ticino, mentre l\u2019ultimo semestre, settembre \u2013 febbraio, \u00e8 dedicato alla ripetizione e all\u2019esercitazione in tutte le materie d\u2019esame affrontate negli anni precedenti.<\/p>\n<p><strong>Piano delle lezioni<br \/><\/strong>Le lezioni hanno luogo presso l\u2019Istituto cantonale di economia e commercio, di regola, due volte a settimana, il venerd\u00ec dalle 15:30 alle 18:45 e il sabato dalle 8:30 alle 11:45. La direzione dei corsi si riserva la possibilit\u00e0 di modificare, per motivi organizzativi e\/o didattici, la frequenza settimanale delle lezioni.<\/p>\n<p><strong>Metodologia di insegnamento<br \/><\/strong>Lezioni teoriche ed esercitazioni fruibili in presenza e\/o in modalit\u00e0 a distanza (oltre il 90% del totale delle ore del corso \u00e8 fruibile anche modalit\u00e0 online). Un formato misto che permette di seguire il corso sia in aula che a distanza. L\u2019apprendimento autonomo \u00e8 fondamentale per un\u2019adeguata preparazione agli esami, quantificabile approssimativamente in un numero di ore pari almeno alle ore di lezioni previste a calendario. A supporto dell\u2019attivit\u00e0\u0300 di apprendimento autonomo, in particolare per quanto riguarda le esercitazioni e la documentazione, il candidato potr\u00e0\u0300 usufruire di una piattaforma virtuale, strumento utilizzato anche per la formazione a distanza. <\/p>\n<p><strong>Piano di formazione<br \/><\/strong>Il piano di formazione coerente con le direttive d\u2019esame prevede 620-650 ore\/ lezione.<\/p>\n<p><strong>Materie d\u2019esame<br \/><\/strong>L\u2019esame professionale prevede esami scritti (presentazione dei conti, controlling, corporate finance, Fiscalit\u00e0, Data management e studio casi interdisciplinare e un esame orale (presentazione e colloquio tecnico).<br \/>*Per maggiori informazioni consultare il regolamento e le direttive del sito <a href=\"https:\/\/www.examen.ch\/\" target=\"_blank\" rel=\"noopener\">www.examen.ch<\/a><strong style=\"font-size: 14px;\">.<\/strong><\/p>\n<p><strong style=\"font-size: 14px;\">Titolo<br \/><\/strong>Chi supera l\u2019esame riceve diploma federale rilasciato dalla Segreteria di Stato per la formazione, la ricerca e l\u2019innovazione, SEFRI, su richiesta della commissione d\u2019esame. I nominativi dei titolari del diploma sono iscritti in un registro tenuto dalla SEFRI.<\/p>\n<p>I titolari del diploma sono autorizzati a portare il seguente titolo protetto:<\/p>\n<p><strong>Esperta diplomata \/ Esperto diplomato in finanza e in controlling <\/strong><\/p>\n<ul>\n<li><em>Diplomierte Expertin \/ Diplomierter Experte in Rechnungslegung und Controlling<\/em><\/li>\n<li><em>Experte dipl\u00f4m\u00e9e \/ Expert dipl\u00f4m\u00e9 en finance et en controlling <\/em><\/li>\n<li>Chartered Expert in Financial and Managerial Accounting and Reporting, Advanced<br \/>Federal Diploma of Higher Education<\/li>\n<\/ul>\n<p><strong>Profilo professionale<br \/><\/strong>Gli esperti diplomati in finanza e in controlling sono specialisti di alto livello in tutti i campi della contabilit\u00e0.<\/p>\n<p>Nella loro funzione collaborano alla definizione delle misure e degli obiettivi strategici, verificandone rispettivamente l\u2019implementazione e il raggiungimento. Possiedono capacit\u00e0 analitiche e concettuali e dispongono di un pensiero strategico. Si assumono una grande responsabilit\u00e0 professionale e gestionale.<\/p>\n<p><u>Esempio di possibili impieghi:<\/u><br \/>\u2022 CFO, responsabile delle finanze, direttore\/direttrice commerciale;<br \/>\u2022 responsabile dei conti di gruppo e\/o della pianificazione aziendale;<br \/>\u2022 controller internazionale, responsabile del reporting;<br \/>\u2022 posizioni manageriali nell\u2019ambito fiduciario;<br \/>\u2022 posizione di quadro nell\u2019amministrazione pubblica.<\/p>\n<p><strong>Esame<br \/><\/strong>L\u2019esame ha luogo, di regola, tutti gli anni, nel mese di marzo sotto la vigilanza della Confederazione.<\/p>\n<p>&nbsp;<\/p>\n<p><!-- \/divi:paragraph --><\/p>\n<p>[\/et_pb_text][\/et_pb_column][et_pb_column type=&#8221;1_3&#8243; _builder_version=&#8221;4.16&#8243; custom_padding=&#8221;|||&#8221; global_colors_info=&#8221;{}&#8221; custom_padding__hover=&#8221;|||&#8221;][et_pb_text _builder_version=&#8221;4.27.6&#8243; _module_preset=&#8221;default&#8221; hover_enabled=&#8221;0&#8243; global_colors_info=&#8221;{}&#8221; sticky_enabled=&#8221;0&#8243;]<\/p>\n<h4><span style=\"color: #ffffff;\">c-<\/span><\/h4>\n<p style=\"text-align: justify;\"><strong><br \/><strong>Costi della formazione<\/strong><br \/><\/strong>La tassa di frequenza per l&#8217;intero corso ammonta a CHF. 10\u2019500.00.<br \/><em>* dettagli in condizioni generali all&#8217;interno del formulario di iscrizione dell&#8217;anno di riferimento.<\/em><em><\/em><\/p>\n<p><a href=\"http:\/\/cppbellinzona.ch\/wp-content\/uploads\/2024\/12\/Regolamento_Controller_I_RLC_HFP_PO_2023.pdf\" rel=\"attachment noopener wp-att-966\" target=\"_blank\">Regolamento d&#8217;esame<\/a><br \/><a href=\"http:\/\/cppbellinzona.ch\/wp-content\/uploads\/2025\/09\/I_RLC_HFP_WL_2026_1.2.pdf\" rel=\"attachment noopener wp-att-1059\" target=\"_blank\">Direttive d&#8217;esame<\/a><\/p>\n<p><strong><\/strong><\/p>\n<p class=\"titologrande\"><strong>Opuscolo informativo<br \/><\/strong><a href=\"http:\/\/cppbellinzona.ch\/wp-content\/uploads\/2025\/02\/02_Opuscolo_controller-_2025.pdf\" rel=\"attachment noopener wp-att-991\" target=\"_blank\">Opuscolo 2025<\/a><\/p>\n<p class=\"titologrande\"><strong><\/strong><\/p>\n<p class=\"titologrande\"><strong>Formulario di iscrizione<br \/><\/strong><a href=\"http:\/\/cppbellinzona.ch\/wp-content\/uploads\/2025\/02\/02_Formulario_iscrizione_controller_2025-2029.pdf\" rel=\"attachment noopener wp-att-990\" target=\"_blank\">Formulario di iscrizione 2025<\/a><\/p>\n<p class=\"titologrande\"><strong><br \/>Contributo federale ai corsisti<br \/><\/strong><a href=\"https:\/\/www.sbfi.admin.ch\/it\/contributi-federali-per-lo-svolgimento-degli-esami-federali\" target=\"_blank\" class=\"testoa2\" rel=\"noopener\" style=\"font-size: 14px;\">www.sbfi.admin.ch<\/a><br \/><span><\/span><\/p>\n<p>[\/et_pb_text][\/et_pb_column][\/et_pb_row][\/et_pb_section]<\/p>\n","protected":false},"excerpt":{"rendered":"<p>Corso di preparazione all\u2019esame federale di Esperto(a) diplomato(a) in finanza e controlling\u00a0 ObiettivoL\u2019obiettivo principale del corso consiste nel preparare adeguatamente i candidati, secondo le relative direttive, in modo tale che possano affrontare al meglio l\u2019esame federale. L\u2019obiettivo subordinato \u00e8 quello di offrire ai candidati (che non intendono presentarsi all\u2019esame federale) una qualificata possibilit\u00e0 di post-formazione, [&hellip;]<\/p>\n","protected":false},"author":3,"featured_media":0,"parent":141,"menu_order":0,"comment_status":"closed","ping_status":"closed","template":"","meta":{"_et_pb_use_builder":"on","_et_pb_old_content":"<!-- wp:divi\/placeholder \/-->","_et_gb_content_width":"","footnotes":""},"class_list":["post-156","page","type-page","status-publish","hentry"],"_links":{"self":[{"href":"https:\/\/cppbellinzona.ch\/index.php?rest_route=\/wp\/v2\/pages\/156","targetHints":{"allow":["GET"]}}],"collection":[{"href":"https:\/\/cppbellinzona.ch\/index.php?rest_route=\/wp\/v2\/pages"}],"about":[{"href":"https:\/\/cppbellinzona.ch\/index.php?rest_route=\/wp\/v2\/types\/page"}],"author":[{"embeddable":true,"href":"https:\/\/cppbellinzona.ch\/index.php?rest_route=\/wp\/v2\/users\/3"}],"replies":[{"embeddable":true,"href":"https:\/\/cppbellinzona.ch\/index.php?rest_route=%2Fwp%2Fv2%2Fcomments&post=156"}],"version-history":[{"count":52,"href":"https:\/\/cppbellinzona.ch\/index.php?rest_route=\/wp\/v2\/pages\/156\/revisions"}],"predecessor-version":[{"id":1105,"href":"https:\/\/cppbellinzona.ch\/index.php?rest_route=\/wp\/v2\/pages\/156\/revisions\/1105"}],"up":[{"embeddable":true,"href":"https:\/\/cppbellinzona.ch\/index.php?rest_route=\/wp\/v2\/pages\/141"}],"wp:attachment":[{"href":"https:\/\/cppbellinzona.ch\/index.php?rest_route=%2Fwp%2Fv2%2Fmedia&parent=156"}],"curies":[{"name":"wp","href":"https:\/\/api.w.org\/{rel}","templated":true}]}}